z = -i - 2544. What is the units digit of z?
7
Suppose 0 = 3*x - 2*i + i - 10, -2*i = -2*x + 12. Let s be 508 + 16 - ((-1 - 3) + x). Suppose s = 8*r - 1594. What is the tens digit of r?
6
Let i(v) = 231*v**2 - 1. Suppose 6*d - 3*d - 2*z - 2 = 0, 3*d + 2*z = 10. What is the hundreds digit of i(d)?
9
Let y = 3303 + 9834. What is the ten thousands digit of y?
1
Let q = 479 - 66. What is the units digit of q?
3
Let n(z) = -z**3 + 20*z**2 + 44*z - 13. Let s be n(22). Let r(m) = -12*m - 95. What is the tens digit of r(s)?
6
Suppose 2*m + k - 5*k = -12, 0 = 2*m - k - 3. Suppose 75 = -9*l + m*l. What is the units digit of (18/l)/(-2) - 4669/(-35)?
4
Let q = 3174 - 7583. Let l = -2688 - q. What is the units digit of l?
1
Let l = 12 - 30. Let v be l*((-9)/2 + -10 + 9). Suppose v = 3*o - 180. What is the tens digit of o?
9
Let u(y) = 2*y**3 - 2*y**2 + 7*y - 2. Let x be u(2). Let q = x - -23. What is the units digit of q?
3
Suppose 785*c - 805*c + 64420 = 0. What is the tens digit of c?
2
Suppose -10*q + 51822 = 2*q - 6*q. What is the thousands digit of q?
8
Let h(l) be the first derivative of 109*l**2/2 - 3*l + 90. What is the tens digit of h(1)?
0
What is the thousands digit of (-21 - -31) + -2 - 2*-2767?
5
Suppose 2*m - 5*y - 27 = 5*m, -3*y = 9. Let b be ((6 - 2) + m)/(-5). Suppose 3*l + 3 = 0, -s + 214 = -b*l + 2*l. What is the units digit of s?
6
Suppose -3*f + 17 = 5*v, -f = -5*v - 14 + 35. Suppose -56 = -v*o + 2*o. Suppose -7*w + 140 - o = 0. What is the tens digit of w?
1
Let y(g) = 107*g**2 - 3*g - 1. Let w be y(-2). Let s = 2201 - 2199. Suppose 5*i - 3*f - 432 = 0, -i - 4*i + w = -s*f. What is the tens digit of i?
8
Suppose 2*d - 19*d = -80444. What is the hundreds digit of d?
7
Suppose 47 = 4*n + j, -25 = -n - n + j. What is the tens digit of (-22689)/(-21) + 1/((-28)/n)?
8
Suppose 3*y + 14 = m, -10*y + 9*y + 2*m = 3. What is the thousands digit of ((-237)/y)/(36/1080)?
1
Let u(n) = n**2 + 61*n + 519. What is the hundreds digit of u(-58)?
3
Let j(k) = -4*k + 16. Let x(r) = -4*r + 15. Let t(c) = 4*j(c) - 3*x(c). Let w be t(4). Suppose -g = 4*h + g - 26, -w*h = g - 19. What is the units digit of h?
6
Let i(t) = t**3 - 15*t**2 - 32*t + 30. Let c be i(17). Suppose 4*l + c = 28. What is the units digit of 62 + 5 - l/(-3)?
4
Suppose 3*z - 1965 = 153. Let g = z + -421. What is the units digit of g?
5
Suppose 48*q - 3762357 = -1167957. What is the ten thousands digit of q?
5
Let w(y) = -184*y**3 + 26*y**2 + 13*y + 28. What is the thousands digit of w(-7)?
4
Let d = 67 - 64. Suppose 5*o = -4*z + 547, d*z + 0*o = -4*o + 409. Let u = 364 - z. What is the units digit of u?
1
Let f(s) = -s**3 + 11*s**2 - 6*s + 6. Suppose 10*m - 6*m - 328 = 0. Let a = m - 76. What is the units digit of f(a)?
0
Let l(x) be the third derivative of x**6/120 + x**5/60 + 5*x**4/24 - 32*x**3/3 + 120*x**2. What is the units digit of l(7)?
3
Let k(g) = g**2 - 6*g + 27. Let d be k(14). Suppose 198 = 4*m + 5*a - d, -3*m - a + 250 = 0. What is the tens digit of m?
8
Suppose -2*g = -z + 2415 - 39372, -5*g + 92403 = -z. What is the units digit of g?
2
Let t(p) = -4 + 5 + 1 - 13*p. Let v be t(13). Let l = 306 + v. What is the hundreds digit of l?
1
Let n(c) = 7*c + 2. Let y(d) = 23*d + 6. Let v(b) = 8*n(b) - 3*y(b). What is the units digit of v(-5)?
3
Suppose 0 = 19*w - 31679 - 12420. Suppose 10*p - 3319 - w = 0. What is the units digit of p?
4
What is the hundreds digit of 12*(-25)/((-1050)/36428)?
4
Suppose -5*w = -b + 7, -w - 10*b - 9 = -14*b. What is the tens digit of w/((-5049)/(-2526) - 2)?
4
Let c(r) = 4*r**2 - 54*r + 432. What is the units digit of c(18)?
6
What is the units digit of (123/(-5)*2/(-3))/(58/89320)?
6
Let m = -63 + 43. Let h be (m/130 - 37/13) + 3. Suppose -3*l = 2*d - 3*d + 25, h = -5*l - 15. What is the tens digit of d?
1
Suppose 15 = 3*t + 3*c, 38*t - 41*t + 4*c = -36. What is the thousands digit of -2*(-5 - (2 + 6676/t))?
1
Let o be -4 - 2*(-1083)/6. Let b = 212 - o. What is the tens digit of b/(-2)*(-24)/(-20)?
8
Suppose 1408*s = 1269*s + 12264387. What is the ten thousands digit of s?
8
Let g = 3341 - 1644. What is the units digit of g?
7
Suppose -2*b - 5818 - 282 = j, 3*j - 3043 = b. Let m = -1632 - b. What is the tens digit of m?
1
Suppose 0 = -c - 5*v + 206, 3*c + 2*v = 2*c + 215. Let g be 4/24 + (-2333)/(-6). Let l = g - c. What is the tens digit of l?
6
Suppose -5*l + k - 1050 = 0, -k = -2*l - 5*k - 398. Let b be 5044/14*-1 + 5/((-70)/(-4)). Let c = l - b. What is the units digit of c?
1
Suppose 4*d = 2*d - q + 1290, 4*d = -5*q + 2574. Let k = d + -444. What is the units digit of k?
2
Let i = 15795 + -2951. What is the thousands digit of i?
2
Suppose -8*c - 119 = -15*c. Suppose 9*g = -c*g + 11778. What is the units digit of g?
3
Let i = 54 - 51. Let r be (-837)/27 + i/1. What is the hundreds digit of 845/7 + ((-8)/r)/1?
1
Let v(i) be the third derivative of i**6/120 + 11*i**5/60 - 29*i**4/24 + 4*i**3/3 - 5*i**2 - 4. What is the tens digit of v(-12)?
1
Suppose -3*w + 24198 = 92*z - 90*z, -2*z + 24214 = -5*w. What is the units digit of z?
2
Suppose -29526 - 70276 = -4*h + 6*u, -h = 2*u - 24933. What is the tens digit of h?
4
Suppose 4*g + 70574 = 11*g - 51786. What is the tens digit of g?
8
Let w be (-4)/10 - (88/(-20) - -3). Let y be (1 - 4)*(0 - w). Suppose -4*l = y*g - 145 - 285, 0 = 5*l - 3*g - 524. What is the tens digit of l?
0
Let k(m) = -1707*m - 86. Let u be k(-3). What is the hundreds digit of u/25 - 7/((-175)/(-10))?
2
Suppose 5*v + 2*t = 628, -3*v - v = t - 500. Let l = -129 + v. What is the units digit of 6 + l + 2 - (-2 + -32)?
7
Let d = 1192 - 1190. Suppose 0 = 2*l - k - 103, 4*l + 2*k = 3*k + 203. Suppose -d*s + 250 = 4*c, c - l = -0*c + 2*s. What is the tens digit of c?
6
Let v(d) = d**2 + 10*d - 12. Let n be v(-8). Let z = n - -32. Suppose 3*u = -9, 3*a - 2*u = -z*u + 213. What is the tens digit of a?
7
Let t be (-4)/(4 + 1563/(-519) + -1). Let j = t - 274. What is the units digit of j?
2
What is the thousands digit of 72/126 - (293116/(-28) + -1)?
0
Let s = 87813 - 39234. What is the tens digit of s?
7
Let d(h) = 204*h**2 - 4*h - 3. Let n(k) = 13*k + 5. Let j be n(-1). Let s be (-5 + 2 - -1)*(-4)/j. What is the tens digit of d(s)?
0
Suppose 13*m = 19 - 6. What is the units digit of -30*(((-5)/(-10))/m + -10)?
5
Let s = -29805 - -42974. What is the thousands digit of s?
3
Let t be 11/2*(9 + -11). Let x(a) = 7*a - 26*a - 2*a**2 + 3 + 12*a**2 + a**3. What is the units digit of x(t)?
1
Suppose -5*l - y = -4*y - 57, -5*y + 65 = 5*l. Suppose 3276 = 4*k + 4*q, -16*k + 4*q = -l*k - 3276. What is the units digit of k?
9
Suppose 0 = -23*k - 115737 + 1013094 - 44057. What is the ten thousands digit of k?
3
Suppose -41*v + 313924 + 81809 + 163671 = 0. What is the tens digit of v?
4
What is the ten thousands digit of (3288*(-52)/(-8))/((-6)/(-8))?
2
Let x = -172 - -174. Suppose -2545 = -10*g + 7*g + h, -x*h + 4 = 0. What is the units digit of g?
9
Suppose -5*q = -2*z + 7, 3*z - 3*q = 26 - 2. Suppose 9*r = z*r - 208. What is the tens digit of r?
0
Let t = -2774 - -5639. What is the units digit of t?
5
Let z(m) = -13*m**3 + 29*m**2 - 4*m + 2. What is the hundreds digit of z(-6)?
8
Let w = -781 + 56969. What is the thousands digit of w?
6
Let l(o) = -20 - 23 + 4*o**2 + 50 - 10*o - 36. What is the units digit of l(-11)?
5
Suppose 0 = -3*p - 3*h + 55815, -4*h = 2*p - 44689 + 7493. What is the ten thousands digit of p?
1
Suppose -4*l = -2*x - 1732, 5*x + 165 = l - 277. Suppose 436*u - l*u - 1236 = 0. What is the tens digit of u?
0
Let v = -61882 + 100666. What is the hundreds digit of v?
7
What is the tens digit of ((-51559)/10)/47*-130?
6
Let y(p) = 4*p**3 - 38*p**2 + 58*p - 214. What is the hundreds digit of y(26)?
9
Let q(x) = 43*x + 390. Let m be q(-9). Let u = 133 + -84. Suppose -69 - u = -3*v - h, 0 = 2*v - m*h - 86. What is the units digit of v?
0
What is the hundreds digit of 230/207*(-9)/(-15) + (-384854)/(-6)?
1
Suppose -5*x + 22692 = 2*r, 46*x + 13628 = 49*x - 2*r. What is the hundreds digit of x?
5
Let l(v) = 30*v - 1. Let u = -46 - -48. Suppose -4*w = u*b - 14, -10 = -4*b - 5*w + 12. What is the tens digit of l(b)?
8
Suppose l - 4*c = 652, 5*l + 6*c - 3283 = 3*c. Let h = l - 146. What is the units digit of h?
0
Let y(t) = -t**3 - 4*t**2 - 2